termine r(y).
19
Let t(w) be the third derivative of w**5/20 + w**4/12 + w**3/6 - 6*w**2. Determine t(-1).
2
Let b(o) = o**2 - o. Let d be 2*1/(3/(-9)). Let a(n) = -n**3 + 13*n**2 - 13*n + 1. Let w(g) = d*b(g) + a(g). Calculate w(6).
-5
Let m(v) = 2*v + 1. Let p(g) = g**2 + 7*g + 3. Let j(k) = -7*m(k) + 2*p(k). Let i be j(-2). Suppose 0 = -2*y + i*y. Let x(s) = s + 8. What is x(y)?
8
Let g(x) be the first derivative of x**5/15 - x**4/24 + 2*x**3/3 + 4. Let y(j) be the third derivative of g(j). What is y(1)?
7
Let c(l) = 6 + 3*l - 3 - 3 + 1. Give c(-2).
-5
Suppose -y + 103 = 304. Let d be (-6)/(-9) - y/9. Suppose -6 = 2*j - 2*u, 3*j + 3*u - d = -2*u. Let v(l) = -4*l + 1. Determine v(j).
-3
Let h be (-27)/(-12) - 2/8. Let f(w) = 6*w**2 + w**3 - 3*w**h - 3*w**3. What is f(2)?
-4
Let u(a) be the second derivative of -a**5/20 + 7*a**4/12 + 7*a**3/6 + 9*a**2/2 - 3*a. Let z be u(8). Let r(x) = x + x - x - 8*x**2. Determine r(z).
-7
Let f(q) = q - 8. Let d(l) = -4*l + 29. Let j be d(6). Determine f(j).
-3
Let n = -96 - -94. Let d(z) = -z - 2. Calculate d(n).
0
Let k(z) be the second derivative of z**5/20 + z**4/12 + 2*z. Let s(r) = 2*r**2 - 1 - 4*r**2 + 2 + r. Let y be s(-1). Calculate k(y).
-4
Let t = -3 + 2. Let y = t - -2. Let f(o) = -o + 1. Let w be f(y). Let r(m) = -m - 2. Give r(w).
-2
Let n(h) = h**2 + 5*h + 4. Let b be n(-4). Let m(d) be the third derivative of -4*d**2 + 1/6*d**3 + b*d**4 - 1/60*d**5 + 0*d + 0. Determine m(-1).
0
Let x(s) = s**3 + 5*s**2 - s - 4. Let o = 15 + -12. Suppose 18 = 2*n + 2. Suppose -o = -b - n. Calculate x(b).
1
Let x be (-2)/4 - (-8)/(-16). Let p(y) = 3*y - 1. What is p(x)?
-4
Let n(l) = 3*l**3 - 4*l**3 + l**2 + l - 1 + 0. Let k(m) = -1 + m**2 + 3*m + 3*m**2 + 2*m + m**3 + 5. Let s be k(-3). Determine n(s).
9
Let b(p) = -3*p. Let t be b(-2). Let i be 4/10 + t/(-15). Let f(o) = o**3 - o + 11. Determine f(i).
11
Let z(u) = -u. Let a(f) = 5*f + 3. Let i(l) = -a(l) - 6*z(l). Calculate i(6).
3
Let n(o) be the third derivative of o**4/24 - o**3/6 - o**2. Suppose 2*g = -l, -22 = -3*g + 3*l + l. Suppose -g*z + 1 + 3 = 0. What is n(z)?
1
Let h be (2/(-4))/(2/(-4)). Let y = 14 - 6. Let p(c) = y*c**2 - 6*c**2 - 2*c**3 + 0*c - c + 5*c**3. What is p(h)?
4
Let r(g) be the first derivative of -4*g**2 + 3*g - 4. Let h(a) = 1. Let u(l) = -4*h(l) + r(l). Determine u(-1).
7
Suppose -7 = 6*c - 37. Let r(k) = k - 11. Determine r(c).
-6
Let o(a) = 2*a**2 + 2*a**2 - 3*a**3 + 2*a + 4*a**3 - 4. Let r(q) = -4*q + 9. Let k be r(3). What is o(k)?
-1
Let y(z) = z + 0*z - 2*z. Suppose -3*m + 9 = 3*x, -2*x + 5 = m + 2. Calculate y(m).
-3
Let k(j) be the second derivative of j**3/2 - 2*j**2 + 9*j. Give k(-3).
-13
Suppose -d - 4*d = -10. Let l(j) be the first derivative of -2*j - 1 + 0*j**2 - 2/3*j**3. What is l(d)?
-10
Let p(c) = c. Let f(k) = 5*k + 1. Suppose 0 = -g - 3*u - 2*u + 12, -g + 5*u - 8 = 0. Let a(y) = g*f(y) - 11*p(y). Determine a(3).
-1
Let y = 46 - 44. Let b(j) be the second derivative of -3*j + 0 - 5/6*j**3 + 1/4*j**4 + 1/20*j**5 - 2*j**y. Calculate b(-4).
0
Suppose -2*l + 19 = -1. Suppose -l = -6*s + s. Let t(i) = i**2 + 4*i + 7 - s*i - 4 + 5*i. Give t(-4).
-9
Suppose -6 = 4*d - d + 3*n, 2*d + 4*n + 14 = 0. Suppose y - w - 20 = 2*w, -5*w - 10 = d*y. Suppose -19 = y*r + 1. Let m(k) = k. Give m(r).
-4
Let i(w) = -w**2 + 7*w + 4. Let h be (17 + -1)*(2 + 0). Suppose -h = -a - 3*a. Let n be i(a). Let v(x) = -x**3 - 5*x**2 - 4*x + 1. Give v(n).
1
Let r(i) = 2. Let f(o) = -o + 8. Let a(t) = 2*f(t) - 9*r(t). Determine a(-2).
2
Let q be ((-1)/2)/(-1)*4. Let t(k) = -4 + 1 + 3*k + k**q - 4*k - 4. Suppose -3*u - 12 = 4*b, -3*b + 0*u - 8 = 2*u. Give t(b).
-7
Let a(m) = 5*m**2 + 7*m + 5. Let o(h) = -4*h**2 - 7*h - 4. Let w(v) = -3*a(v) - 4*o(v). What is w(-7)?
1
Let l(z) be the second derivative of 0 + 2*z + 1/6*z**3 - 1/2*z**2 - 1/3*z**4. Let c(q) be the first derivative of l(q). What is c(1)?
-7
Let s(b) = b + 3. Let o be s(-7). Let f(u) = u**3 + 7*u**2 + 7*u + 6. Let y be f(-6). Let t(x) = -x**3 + 2 + 4*x + y*x**2 - x - 3*x**2. Calculate t(o).
6
Let k = 10 - 8. Suppose j + 3*b + 7 = 20, -k*b + 4 = -4*j. Let x(w) = 13 - 12 - 2*w**3 - 5*w**3 - w + w**2. Calculate x(j).
-6
Let o(x) = -8*x**3 + x**2 - x - 1. Suppose 2*z - 6 = -5*m - 33, 2*z + 7 = -m. Calculate o(z).
9
Let j(q) = 23*q - 20. Let k(w) = 8*w - 7. Let d(b) = -3*j(b) + 8*k(b). Let o(r) = -25*r + 19. Let f(z) = 11*d(z) - 2*o(z). What is f(4)?
-14
Let w(j) = j**2 - 5*j + 4. Suppose -3*m + 20 = m. Suppose 4*s = -4*x + 36, -4*s + 33 = -s + m*x. Determine w(s).
10
Let o(a) = a**2 + 8*a - 32. Let x be o(-11). Let y(p) = -8*p. What is y(x)?
-8
Let c(n) be the third derivative of 1/12*n**4 - 3*n**2 + 0*n - 1/720*n**6 + 0 - 1/120*n**5 + 0*n**3. Let i(d) be the second derivative of c(d). Determine i(-1).
0
Let o(x) be the second derivative of x**3/6 + 3*x**2/2 - 2*x. Let b be 16 - (-2 + 2 - -1). Suppose 4*q - 9*q = -b. Calculate o(q).
6
Let a = -16 - -19. Let j(g) = -g**2 - g + 2. Give j(a).
-10
Let u(w) be the second derivative of -w**5/20 + 3*w**2 - 20*w. Give u(0).
6
Let z(i) = i - 7. Let m(u) = -5*u - 2. Let r be m(1). Calculate z(r).
-14
Let u(d) = 6*d**2 + 3*d**3 - 7 - d + 9 - 2*d**3. Determine u(-6).
8
Let o(s) = -s - 1 - 13 + 26. Let m be o(7). Let u(n) = n**2 - 3*n - 7. Calculate u(m).
3
Let r = 9 + -6. Suppose -4*v = c + 1, 3*v = r*c - v - 13. Let x(a) = 3 - 3*a**2 + 2*a**2 + 2*a**3 - 2*a**c - a**3. Determine x(0).
3
Suppose c = -5*m + 122, 3 = -m + 3*c + 37. Suppose 6*t = t + m. Let a(n) = 4 + 3 - 2*n - t. What is a(4)?
-6
Let a(d) = -d - 12. Let k be a(-6). Let n(z) = -z**3 - 2*z**2 + 2. Let m be n(-2). Let i(v) = -2 + 5*v + v**m + 2 - 5 - 3. What is i(k)?
-2
Let r(v) = v**3 + 3*v**2 + 3. Let i be r(-3). Let q(k) = -k**2 + 2*k - 2. Let m(c) = c**2 + 2. Let j(z) = m(z) + 2*q(z). Determine j(i).
1
Let n(f) = -f - f - 4*f + 0*f. Let r(u) = -u. Let i(x) = 5*n(x) - 35*r(x). Determine i(-2).
-10
Let x(z) = z**3 + 2*z**2 - 2*z - 4. Suppose 0 = 19*y - 3*y + 48. Determine x(y).
-7
Let c(j) = j**2 - 10. Suppose -4*f - i - 3 = 0, -3*f + 2*f - 4*i - 12 = 0. Give c(f).
-10
Let i be (-11 - -7)*18/4. Let c = -20 - i. Let f(r) = r**2. Calculate f(c).
4
Let l(n) = -8*n - 2. Let k(j) = j. Let v(t) = -5*k(t) - l(t). Give v(-2).
-4
Let c(g) = -g**3 - g**2 + 3*g - 4. Suppose 5*h - 22 = 4*w, 2 = -2*w - 4*h + 2*h. Let y be c(w). Let d(x) = x**3 - 4*x**2 - 4*x + 2. What is d(y)?
7
Let o(x) be the second derivative of -x**4/12 + 7*x**3/6 - 2*x**2 - 14*x. Let q be 2/(-1) + 7/1. What is o(q)?
6
Let m(c) be the first derivative of c**6/120 - c**5/10 - c**4/12 + 7*c**3/6 - c**2 + 5. Let x(h) be the second derivative of m(h). What is x(6)?
-5
Let o(s) = s**2 - 7*s + 6. Suppose 3*a + 0 = -24. Let l = a - -12. What is o(l)?
-6
Let x be (2 - (-1)/(-1))*-6. Let d(r) = r + 3 + 4 - 2 - 1. What is d(x)?
-2
Let u(k) = -k**3 + 9*k**2 - 6*k - 7. Suppose -12*t + 88 = -t. Calculate u(t).
9
Let q be (-2)/((40/(-12))/(-5)). Let d(m) = -m**3 - 3*m**2. Calculate d(q).
0
Suppose 3*y - 5*j = 12, -2*y + 3*j + 4 + 4 = 0. Suppose -2*k + 4*o - 6 = 0, k - 4 = -o - 1. Let u(n) = -4*n + k - 4*n**2 + n**3 + n + 2*n. What is u(y)?
-3
Let o(n) = n**3 - n**2 - n + 1. Let l be (-60)/35 + 4/(-14). Let f be (7 - 4)*l/(-3). Calculate o(f).
3
Let o(i) = -2*i**3 - 4*i**2 + 5*i - 3. Let h be o(-4). Suppose 4*j = 4*n - 36, -5*n = -0*j - 4*j - h. Let y(m) = -m**3 + 6*m**2 - 5*m + 6. Give y(n).
6
Let o(b) = -b**3 + b. Let d(l) = l**3 + 4*l**2 + l - 2. Let x(c) = -d(c) - 2*o(c). Determine x(3).
-16
Let i(b) = -b**2 + b - 3. Let c be i(0). Let v(m) = -2*m - 3. Give v(c).
3
Let w(t) = 9*t + 3. Let x(k) = -5*k - 1. Let d be (-150)/(-14) - (-2)/7. Let u(q) = d*x(q) + 6*w(q). What is u(0)?
7
Let z = 6 - 10. Let r(o) = o**3 + 4*o**2 - 2*o + 1. Give r(z).
9
Let i(m) = m + 1. Let z(f) = -2*f + 5. Let v(k) = -5*i(k) + z(k). Give v(-1).
7
Suppose y - 4 = -1. Let v(s) = -s + 3. Calculate v(y).
0
Let d = -54 + 60. Let s(o) = -4*o**3 - 6*o**2 + 3*o + 6. Let x(i) = 3*i**3 + 6*i**2 - 2*i - 6. Let p(y) = 4*s(y) + 5*x(y). Determine p(d).
6
Suppose 4*x - 5*a = x, -4*x = -a - 17. Let t(q) = q**2 - q. Let d be t(-2). Let u(y) = -1 - 4 + 0*y**2 + 3*y - y**2 + d. What is u(x)?
-9
Let u = 10 + -6. Let v = u - 3. Let s(w) = 8*w**2 - w. Calculate s(v).
7
Suppose 5*n - 2